ue
Let o(y) = y**3 + y**2 + 1. Let l(w) = 11*w**3 - 9*w**2 + 14*w - 37. Let n(k) = l(k) + 4*o(k). Let z be n(6). Suppose 5*t - z = 2854. Is t a prime number?
True
Let a be 3 + (-9 + 2)*1. Let r be a/8*(0 + -248). Let t = -71 + r. Is t composite?
False
Let c = 16255 + 32744. Is c a composite number?
True
Suppose -6493738 + 12629983 = -55*r + 56216000. Is r composite?
True
Suppose 0 = 6*y - 55 + 19. Suppose -13*i + 14*i = -21729. Is (-1)/y + i/(-18) a composite number?
True
Suppose -6 = -2777*d + 2780*d + 6. Let l = 1 - 43. Is (d/((-32)/(-116)))/(3/l) composite?
True
Let z(u) be the third derivative of -u**4/12 - 719*u**3/2 - 13*u**2. Let j(x) = -2*x - 2159. Let r(m) = 4*j(m) - 5*z(m). Is r(0) composite?
True
Let q = 55448 + -14577. Suppose 9*w + q = 32*w. Is w prime?
True
Let z = 607139 + 138330. Is z composite?
True
Let c = 4282 - -46507. Is c a prime number?
True
Let c be (-1)/11 + 10336512/352. Suppose 4*x - c = -x. Is x prime?
False
Suppose -2*y = -t + 3*t - 12, -3*y = t - 8. Suppose p = 14 - t. Is -3 - -3*1608/p a composite number?
True
Let w(v) = 14*v**3 - 25*v**2 + 47*v - 347. Is w(13) composite?
True
Let c be (-9)/3 + (-5)/(-15)*276807. Let q = -51431 + c. Is q composite?
True
Let x = 980 - 971. Let v(u) = 16 + u**2 - 2*u - 2*u + 2*u**2. Is v(x) a prime number?
True
Suppose 2608 = 5*r + 7*p - 6*p, 2*r - 1054 = -4*p. Let t = 780 - r. Is t a composite number?
True
Suppose -d + 36 = 36. Suppose -5*b + 11*b - 7482 = d. Is b composite?
True
Let h(b) = 52*b**2 + 2*b + 47. Is h(-8) a prime number?
True
Suppose -104*g = -20211857 - 10440169 + 1628434. Is g prime?
True
Let b(u) = 46*u - 5. Suppose -4*n + 2*n = 144. Let s = n - -74. Is b(s) prime?
False
Suppose 48*c + 16*c - 42192886 = -78*c. Is c a composite number?
False
Let y = -113 - -97. Let k(o) = -3*o - 46. Let n be k(y). Suppose n*d = -100 + 1046. Is d a prime number?
False
Suppose 159893700 = 217*w + 83*w. Is w a prime number?
False
Let c(r) = 42*r + 30. Let z = 6 - -7. Let p be c(z). Suppose -7*x + 313 + p = 0. Is x a composite number?
False
Let p(j) = 15449*j + 2602. Is p(39) a composite number?
False
Let d = 442 - 438. Is ((-2)/d)/((-16)/107296) a prime number?
False
Let a be -3 + 3 + 1 + 0. Is 984 + a - (-10 + 4) a composite number?
False
Let z = -11621 - -19221. Let p = -621 + z. Is p composite?
True
Suppose -s - 1816 = 4*t - 12469, 0 = -2*t + 3*s + 5323. Let c be t - 2 - (-6)/4*2. Suppose c = 7*x - 2243. Is x a prime number?
True
Suppose 3*i = 0, 3*i + 116 = o - 2*i. Suppose -46232 = o*n - 124*n. Is n composite?
False
Let i(v) be the third derivative of v**6/10 - v**5/60 - v**4/6 + 5*v**3/3 + v**2. Let o = 4170 + -4163. Is i(o) a composite number?
False
Let l(q) = 76*q**3 - 8*q - 13. Let i(b) = -b**3 + b**2 - 2*b + 1. Let y(w) = -4*i(w) - l(w). Is y(-4) a prime number?
False
Let b = -40959 + 132878. Is b composite?
True
Let o = -8663 + 15558. Suppose -11*r = -o - 4138. Is r composite?
True
Let y = -1792 - -54622. Suppose y = -13*l + 19*l. Suppose 0*s + 15*s = l. Is s a composite number?
False
Suppose -8 = -5*z - 2*y, 2*y = -2*z - 2*y. Suppose -5*g + h = -11089 + 2173, 0 = -z*g + 4*h + 3570. Is g a prime number?
True
Let i(w) = 8*w**3 + 13*w**2 - 11*w - 16. Let v(u) = -9*u**3 - 14*u**2 + 12*u + 18. Let r(a) = 4*i(a) + 3*v(a). Is r(9) composite?
False
Let m(v) be the second derivative of 72*v**3 - 20*v**2 - 10*v. Let h be m(4). Suppose 5*w - 5*s = 2115, 6*s - 3*s + h = 4*w. Is w a composite number?
False
Let n(z) = 13645*z**2 + 276*z + 1372. Is n(-5) composite?
True
Suppose -12 = 2*u, -5*o + 282427 = -52*u + 50*u. Is o a composite number?
True
Let l = -43 - -46. Suppose 9*b + 15 = -l. Is (-3 + 1288 + b)/1 prime?
True
Is 4716/(-12)*764/(-4) - 4 composite?
True
Let k(t) = -13*t**3 - 6*t**2 + 5*t - 3. Let m be 9/(-2) + ((-147)/14)/7. Is k(m) composite?
True
Let w(k) = 4*k**3 + 16*k**2 - 4*k - 41. Suppose 7*a = 14 + 70. Is w(a) a prime number?
True
Let m(i) = 3*i - 2. Let j be m(-1). Let k(c) = c**2 + 5*c + 9. Let o be k(j). Is o/6*(-7976)/(-12) a prime number?
True
Let r be (-16)/(-9) - 2/(-9). Suppose -4*q - 3*k + 11 = 0, 0 = q - 4*q + 5*k + 30. Suppose -7 = y + r*z - 54, z - q = 0. Is y a composite number?
False
Let g be 13003/1 + 3 + -8. Let b = g - 9279. Is b a prime number?
True
Suppose 11*k - 35 = 4*k. Let n(o) = -o**3 - 3*o**2 - 3*o - 5. Let m be n(k). Is (m/(-8))/(2/4) a composite number?
True
Let d = 40616 + -18963. Is d a prime number?
False
Suppose 5*o = 2*l - 25, -4*o + l - 6 - 11 = 0. Let m be -1*(-4332)/(-9)*o. Is m*1 - 90/18 a composite number?
False
Suppose 2*t = -5*c + 7011, -7*c = -t - 4*c + 3533. Is t a composite number?
True
Let i = 27314 - 13759. Is i a composite number?
True
Let l(b) be the second derivative of 76*b**3/3 - 9*b**2/2 + b. Let k(n) = 6*n**2 - 91*n + 20. Let m be k(15). Is l(m) composite?
False
Suppose 2*x = 4*x + 10, -5*x = -3*y + 11362. Let h = y + -1950. Is h composite?
True
Let w be (20/(-30))/((-4)/(-38778)). Is 50 - w - 8*-1 prime?
True
Let c = -14 + 18. Suppose 5*h + 5 = 0, -c*z + 2*h + 9 = -5. Suppose 306 = z*u + 3*u. Is u prime?
False
Suppose 0 = g + g + 6, 0 = -5*u + 2*g + 56. Let k be -1*u/5 + 631. Suppose i = 4*j - 2353, -2*j = 5*i - 520 - k. Is j a composite number?
False
Let p(v) = 1518*v**2 - 19*v + 64. Is p(3) composite?
False
Let g(k) = -k**3 + 40*k**2 + 29*k + 13. Let a be g(30). Let b = -2130 + a. Is b a composite number?
False
Let d(b) = 2*b**2 - 6*b + 8. Let n be d(3). Let m(j) = 53*j**2 - 4*j + 11. Is m(n) prime?
True
Suppose -18*q + 1153 = -647. Suppose 2*x + 73 + 21 = 0. Let h = x + q. Is h prime?
True
Let h = -5564 - -18770. Suppose 613 - h = -7*c. Is c a composite number?
True
Suppose 0 = -2*o - 2*o + 8. Suppose t - o*k - 5 = -28, -t - 2*k - 3 = 0. Let d(g) = -6*g - 23. Is d(t) prime?
False
Suppose -502*f = -509*f + 68467. Is f composite?
False
Suppose 0 = 3*b - 326*q + 329*q - 495225, -3*b + q + 495241 = 0. Is b a composite number?
False
Suppose 22*o = 2*o + 120. Is 15/o*(16181 - 3) prime?
False
Let f be (-1 - (-1)/3)/((-5)/(-15)). Let c(x) = -594*x**3 + x**2 + 5*x + 5. Is c(f) prime?
True
Suppose 31*x + 2266807 = 6733566. Is x composite?
True
Suppose -11*o - 17*o + 15870280 + 1011564 = 0. Is o a prime number?
False
Let m = 302348 - -224505. Is m a prime number?
True
Let u(o) = -1609*o**3 - 7*o**2 - 10*o - 29. Is u(-5) prime?
True
Let l(u) = u**3 + 9*u**2 - 24*u - 17. Let q be l(-11). Suppose -10 = q*f, -2*p + 1212 = -3*f + 8*f. Is p prime?
False
Let f = -18 + 20. Suppose -k + 805 = 4*r, -f*k + 1010 = -0*r + 5*r. Suppose a = -r + 2353. Is a composite?
False
Suppose 22*l - 118764 = -14*l. Is l prime?
True
Suppose m - 2*d + 3*d = 63, 186 = 3*m + 4*d. Let p(f) = 8*f**2 + f - m + 0*f**3 + f**3 + 65. Is p(-6) a prime number?
False
Let b be (-70)/(-15) + -5 + (-4)/(-3). Suppose -64*i + b = -63*i. Is 47*i*(6 + -7)*-1 a prime number?
True
Let i(a) be the first derivative of a**5/15 - 19*a**4/24 - 41*a**3/6 + 3*a**2 - 20. Let p(v) be the second derivative of i(v). Is p(16) a prime number?
False
Suppose -47*c + 104*c = 653163. Is c a composite number?
True
Suppose -23*t = -12*t. Suppose 2*x = 2*s - 498, -2*s - 5*x + 2*x + 508 = t. Is s a prime number?
True
Suppose 4*o = 4*c + o - 19, 2*c - 3 = -5*o. Suppose -4*p + 3*f + 2236 - 66 = 0, c*f = -3*p + 1615. Let z = 1826 - p. Is z a composite number?
True
Suppose -1140861 - 5037091 = -32*l. Is l a prime number?
False
Suppose -3*j + 5*q = -1338, q - 5 + 2 = 0. Let g = -62 + j. Suppose -4*t + 2*a + 1532 = 0, -2*a + 4*a + g = t. Is t composite?
True
Let h(j) = -3 + 4*j**2 - 1870*j**3 + 0 - j + 3*j + 2. Is h(-2) a prime number?
False
Let i(o) = 215*o - 69. Let q(g) = -216*g + 72. Let k(s) = -5*i(s) - 4*q(s). Is k(-16) composite?
False
Suppose -6428 - 61819 = -3*n - 3*d, 4*n - 91006 = d. Is n prime?
True
Let y(z) = 156*z**2 - 58*z + 529. Is y(9) a prime number?
False
Let b(d) = 10406*d + 14. Let v be b(1). Suppose -c = -5517 - v. Is c composite?
False
Suppose -6*b + 12 = -2*b. Let a(h) = -17 + 23*h + 9 - b*h + 7*h. Is a(5) prime?
True
Let p(w) = -532*w**2 - 8*w - 1. Let v be p(-2). Let o = v - -4476. Is o a prime number?
False
Let q(j) = 148692*j + 155. Is q(1) a prime number?
False
Let g(a) = 18*a**2 + 6*a + 13. Suppose 20 + 10 = w. Suppose 4*l - w - 2 = 0. Is g(l) composite?
False
Let r =